{"id":64,"date":"2011-09-20T21:26:31","date_gmt":"2011-09-20T19:26:31","guid":{"rendered":"http:\/\/www.kongsberg-padleklubb.net\/wordpress\/?page_id=64"},"modified":"2023-11-15T00:19:24","modified_gmt":"2023-11-14T23:19:24","slug":"barn-og-ungdom","status":"publish","type":"page","link":"https:\/\/www.kongsberg-padleklubb.net\/?page_id=64","title":{"rendered":"BARN OG UNGDOM"},"content":{"rendered":"<p><strong>Elvepadling for barn, ungdom og familier<\/strong><\/p>\n<p>Det viktigste m\u00e5let i Kongsberg Padlerklubb sin barne- og ungdomsgruppe er \u00e5 s\u00f8rge for at barna trives sammen, blir sikre i vann og f\u00e5r en trygg opplevelse ved bruk av kajakk. Vi bruker lek som l\u00e6ringsmiddel og lar barna styre sitt egen utvikling. Elvepadling kan virke ekstremt for noen, men med riktig fokus p\u00e5 sikkerhet og gradvis tiln\u00e6rming, er dette ikke farlig.<\/p>\n<p>Padling er en familieaktivitet, og vi \u00f8nsker \u00e5 fasiliteter for at foreldre kan v\u00e6re med p\u00e5 trening s\u00e5 ofte som mulig. Dette er en mulighet for de som liker \u00e5 gj\u00f8re noe aktivt sammen med barna sine, fremfor \u00e5 henge passivt p\u00e5 tribunen. Vi ser gjerne at foresatte pr\u00f8ver seg i kajakken p\u00e5 treninger og turer sammen med barna.<\/p>\n<p>Sikkerhet er viktig. Det kan til tider bli uoversiktlig p\u00e5 elva eller i bassenget. I tillegg til minimum en instrukt\u00f8r, vil vi ha en sv\u00f8mmedyktig voksen som holder oversikten. I sv\u00f8mmehallen er alltid kommunens personell tilstedte, men vi er ansvarlig for v\u00e5r egen sikkerhet og det er ikke lov \u00e5 v\u00e6re alene i vannet. Barnet m\u00e5 ha best\u00e5tt <a href=\"http:\/\/www.kongsberg-padleklubb.net\/wp-content\/uploads\/2019\/11\/Regler-og-niv%C3%A5er-KPK-Ung.pdf\">en del tester<\/a> og vist seg sv\u00f8mmedyktig f\u00f8r de kan v\u00e6re med p\u00e5 trening <strong>uten foresatte<\/strong>. Med foresatte i vannet er det i praksis ingen nedre aldersgrense eller ferdighetskrav i sv\u00f8mmehallen.<\/p>\n<p>I elva m\u00e5 barna v\u00e6re sv\u00f8mmedyktige og trygge i vann. P\u00e5 f\u00f8rste trening vil vi vise hvordan de klarer \u00e5 komme seg ut av kajakken om den skulle kantre. Vi ser helst at en foresatt er med p\u00e5 trening frem til barnet har best\u00e5tt v\u00e5ttkort gjennom et av klubbens kurs eller sjekket ut i leikeboka. Deretter kan de delta p\u00e5 trening alene, men foreldre er selvf\u00f8lgelig fortsatt velkommen til \u00e5 delta.<\/p>\n<p>Vi oppeforder alle barn, unge og familier til \u00e5 bli med p\u00e5 treninger i Kongsberg Idretts og sv\u00f8mmehall og i Kloppfoss. Vi trener i sv\u00f8mmehallen gjennom vinterhalv\u00e5ret p\u00e5 s\u00f8ndager fra 10:00 til 12:00. N\u00e5r v\u00e5ren kommer trener vi med resten av klubben i fellespadlingene p\u00e5 tirsdager i Kloppfoss eller Grettefoss.&nbsp; Oppm\u00f8te er ved Kloppfoss klokka 17:30. Dette er dagene der vi spesielt tar oss av de som trenger instruksjon.&nbsp; Vi har utstyr til utl\u00e5n b\u00e5de for sm\u00e5 og store. Mer informasjon om fellespadlingene under <a href=\"http:\/\/www.kongsberg-padleklubb.net\/?page_id=19\">Elvepadling<\/a> og <a href=\"http:\/\/www.kongsberg-padleklubb.net\/?page_id=137\">Terminliste.<\/a><\/p>\n<p>Vi er et team med foreldre som bytter p\u00e5 \u00e5 ha ansvaret i sv\u00f8mmehallen.&nbsp;<a href=\"https:\/\/www.facebook.com\/Bentrik\">Bent Erik Bj\u00f8rkli<\/a>, <a href=\"https:\/\/www.facebook.com\/ketil.flom\">Ketil Flom<\/a>, veksler p\u00e5 ansvaret. Liste over ansvarlig i hallen, finner du i <a href=\"https:\/\/calendar.google.com\/calendar\/u\/0?cid=NWFqZ2ExdGZuNDBpZ2tkNjBkbGVmc3JhYzhAZ3JvdXAuY2FsZW5kYXIuZ29vZ2xlLmNvbQ\">klubbens kalender<\/a>.<\/p>\n<p>\u00d8nsker du \u00e5 bli med og pr\u00f8ve padling, tar du kontakt med en av oss, eller p\u00e5 <a href=\"https:\/\/www.facebook.com\/KongsbergPadleklubb\/\">Kongsberg Padlerklubb sin Facebook side<\/a>. Vi har ogs\u00e5 en egen lukket <a href=\"https:\/\/www.facebook.com\/groups\/833415830405612\">FB-side som heter KPK Ung<\/a><\/p>\n<p><a href=\"http:\/\/www.kongsberg-padleklubb.net\/wp-content\/uploads\/2019\/11\/Regler-og-niv\u00e5er-KPK-Ung.pdf\">Regler og niv\u00e5er KPK Ung<\/a><\/p>\n<p><strong>Gjennom Leikeboka kan klubbens unge medlemmer kvalifisere seg til v\u00e5ttkort:<\/strong><\/p>\n<ul>\n<li><a href=\"http:\/\/www.kongsberg-padleklubb.net\/wp-content\/uploads\/2011\/09\/Leikebok.pdf\">Leikebok<\/a><\/li>\n<li><a href=\"http:\/\/www.kongsberg-padleklubb.net\/wp-content\/uploads\/2011\/09\/LeikebokInstrukt\u00f8r.pdf\">Instrukt\u00f8rveiledning til Leikebok<\/a><\/li>\n<\/ul>\n<p>Ta kontakt med <a href=\"http:\/\/www.kongsberg-padleklubb.net\/?page_id=2269\">leder<\/a> om det er sp\u00f8rsm\u00e5l.<\/p>\n<p><strong>Havepadling for barn, ungdom og familier<\/strong><\/p>\n<p>Klubben har ikke noe dedikert milj\u00f8 for barn og unge for hav- eller flattvannpadling, men unge padlere er velkommen til \u00e5 delta p\u00e5 klubbens treninger p\u00e5 torsdag klokka 18:00.<\/p>\n\n\n<figure class=\"wp-block-image\"><img decoding=\"async\" src=\"https:\/\/files.oaiusercontent.com\/file-NU5hewOWCLQoowzZncyGQZaT?se=2023-11-15T00%3A16%3A42Z&amp;sp=r&amp;sv=2021-08-06&amp;sr=b&amp;rscc=max-age%3D31536000%2C%20immutable&amp;rscd=attachment%3B%20filename%3D5c179afe-3b61-4bb3-8fd9-1760d1e24979.webp&amp;sig=tFyIlMbbY\/3YtFogNW9vtTylkW%2BCjn1c8YrMHGBifGo%3D\" alt=\"Generated by DALL\u00b7E\"\/><\/figure>\n","protected":false},"excerpt":{"rendered":"<p>Elvepadling for barn, ungdom og familier Det viktigste m\u00e5let i Kongsberg Padlerklubb sin barne- og ungdomsgruppe er \u00e5 s\u00f8rge for at barna trives sammen, blir sikre i vann og f\u00e5r en trygg opplevelse ved bruk av kajakk. Vi bruker lek som l\u00e6ringsmiddel og lar barna styre sitt egen utvikling. Elvepadling&#8230; <a class=\"continue-reading-link\" href=\"https:\/\/www.kongsberg-padleklubb.net\/?page_id=64\">Les Mer<\/a><\/p>\n","protected":false},"author":1,"featured_media":0,"parent":0,"menu_order":0,"comment_status":"closed","ping_status":"closed","template":"","meta":{"footnotes":""},"class_list":["post-64","page","type-page","status-publish","hentry"],"_links":{"self":[{"href":"https:\/\/www.kongsberg-padleklubb.net\/index.php?rest_route=\/wp\/v2\/pages\/64","targetHints":{"allow":["GET"]}}],"collection":[{"href":"https:\/\/www.kongsberg-padleklubb.net\/index.php?rest_route=\/wp\/v2\/pages"}],"about":[{"href":"https:\/\/www.kongsberg-padleklubb.net\/index.php?rest_route=\/wp\/v2\/types\/page"}],"author":[{"embeddable":true,"href":"https:\/\/www.kongsberg-padleklubb.net\/index.php?rest_route=\/wp\/v2\/users\/1"}],"replies":[{"embeddable":true,"href":"https:\/\/www.kongsberg-padleklubb.net\/index.php?rest_route=%2Fwp%2Fv2%2Fcomments&post=64"}],"version-history":[{"count":28,"href":"https:\/\/www.kongsberg-padleklubb.net\/index.php?rest_route=\/wp\/v2\/pages\/64\/revisions"}],"predecessor-version":[{"id":1603049,"href":"https:\/\/www.kongsberg-padleklubb.net\/index.php?rest_route=\/wp\/v2\/pages\/64\/revisions\/1603049"}],"wp:attachment":[{"href":"https:\/\/www.kongsberg-padleklubb.net\/index.php?rest_route=%2Fwp%2Fv2%2Fmedia&parent=64"}],"curies":[{"name":"wp","href":"https:\/\/api.w.org\/{rel}","templated":true}]}}