{"id":111,"date":"2011-10-04T01:35:02","date_gmt":"2011-10-03T23:35:02","guid":{"rendered":"http:\/\/www.kongsberg-padleklubb.net\/wordpress\/?page_id=111"},"modified":"2023-11-15T00:24:53","modified_gmt":"2023-11-14T23:24:53","slug":"familiemedlem","status":"publish","type":"page","link":"https:\/\/www.kongsberg-padleklubb.net\/?page_id=111","title":{"rendered":"Familiemedlem"},"content":{"rendered":"<p>Det er kun personer som er bosatt p\u00e5 samme adresse som kan meldes inn i et familiemedlemskap. Hvis det er mer enn 5 personer i familen bruk det ordin\u00e6re innmeldingsskjemaet for de resterende medlemmene og oppgi navn p\u00e5 hovedmedlem. De samme gjelder hvis det tidligere er registrert et hovedmedlem.<\/p>\n\n\n<figure class=\"wp-block-image\"><img decoding=\"async\" src=\"https:\/\/files.oaiusercontent.com\/file-pURN2hsNR95PSuzf9OnTD2ho?se=2023-11-15T00%3A23%3A31Z&amp;sp=r&amp;sv=2021-08-06&amp;sr=b&amp;rscc=max-age%3D31536000%2C%20immutable&amp;rscd=attachment%3B%20filename%3Dcf9a20e5-dc26-4d18-b98f-56375ede3e06.webp&amp;sig=mwxiOwW%2Bzp2Dp1gtDEI%2BdqVqbCazEWtR%2Bcx8C516uV0%3D\" alt=\"Generated by DALL\u00b7E\"\/><\/figure>\n","protected":false},"excerpt":{"rendered":"<p>Det er kun personer som er bosatt p\u00e5 samme adresse som kan meldes inn i et familiemedlemskap. Hvis det er mer enn 5 personer i familen bruk det ordin\u00e6re innmeldingsskjemaet for de resterende medlemmene og oppgi navn p\u00e5 hovedmedlem. De samme gjelder hvis det tidligere er registrert et hovedmedlem. <a class=\"continue-reading-link\" href=\"https:\/\/www.kongsberg-padleklubb.net\/?page_id=111\">Les Mer<\/a><\/p>\n","protected":false},"author":1,"featured_media":0,"parent":0,"menu_order":0,"comment_status":"closed","ping_status":"closed","template":"","meta":{"footnotes":""},"class_list":["post-111","page","type-page","status-publish","hentry"],"_links":{"self":[{"href":"https:\/\/www.kongsberg-padleklubb.net\/index.php?rest_route=\/wp\/v2\/pages\/111","targetHints":{"allow":["GET"]}}],"collection":[{"href":"https:\/\/www.kongsberg-padleklubb.net\/index.php?rest_route=\/wp\/v2\/pages"}],"about":[{"href":"https:\/\/www.kongsberg-padleklubb.net\/index.php?rest_route=\/wp\/v2\/types\/page"}],"author":[{"embeddable":true,"href":"https:\/\/www.kongsberg-padleklubb.net\/index.php?rest_route=\/wp\/v2\/users\/1"}],"replies":[{"embeddable":true,"href":"https:\/\/www.kongsberg-padleklubb.net\/index.php?rest_route=%2Fwp%2Fv2%2Fcomments&post=111"}],"version-history":[{"count":11,"href":"https:\/\/www.kongsberg-padleklubb.net\/index.php?rest_route=\/wp\/v2\/pages\/111\/revisions"}],"predecessor-version":[{"id":1603053,"href":"https:\/\/www.kongsberg-padleklubb.net\/index.php?rest_route=\/wp\/v2\/pages\/111\/revisions\/1603053"}],"wp:attachment":[{"href":"https:\/\/www.kongsberg-padleklubb.net\/index.php?rest_route=%2Fwp%2Fv2%2Fmedia&parent=111"}],"curies":[{"name":"wp","href":"https:\/\/api.w.org\/{rel}","templated":true}]}}